{"id":5502,"date":"2023-12-11T16:01:14","date_gmt":"2023-12-11T19:01:14","guid":{"rendered":"https:\/\/aliadosdobem.com.br\/blog\/?page_id=5502"},"modified":"2023-12-11T16:50:39","modified_gmt":"2023-12-11T19:50:39","slug":"home-care","status":"publish","type":"page","link":"https:\/\/aliadosdobem.com.br\/blog\/home-care\/","title":{"rendered":"Home Care"},"content":{"rendered":"\t\t<div data-elementor-type=\"wp-page\" data-elementor-id=\"5502\" class=\"elementor elementor-5502\">\n\t\t\t\t\t\t<section class=\"elementor-section elementor-top-section elementor-element elementor-element-a51cd91 elementor-section-boxed elementor-section-height-default elementor-section-height-default\" data-id=\"a51cd91\" data-element_type=\"section\" data-e-type=\"section\" data-settings=\"{&quot;background_background&quot;:&quot;classic&quot;}\">\n\t\t\t\t\t\t<div class=\"elementor-container elementor-column-gap-default\">\n\t\t\t\t\t<div class=\"elementor-column elementor-col-100 elementor-top-column elementor-element elementor-element-ee916a3\" data-id=\"ee916a3\" data-element_type=\"column\" data-e-type=\"column\">\n\t\t\t<div class=\"elementor-widget-wrap elementor-element-populated\">\n\t\t\t\t\t\t<div class=\"elementor-element elementor-element-f19b057 elementor-widget elementor-widget-heading\" data-id=\"f19b057\" data-element_type=\"widget\" data-e-type=\"widget\" data-widget_type=\"heading.default\">\n\t\t\t\t<div class=\"elementor-widget-container\">\n\t\t\t\t\t<h2 class=\"elementor-heading-title elementor-size-default\">Home Care - Atendendo a Domic\u00edlio<\/h2>\t\t\t\t<\/div>\n\t\t\t\t<\/div>\n\t\t\t\t<div class=\"elementor-element elementor-element-2e93786 elementor-widget elementor-widget-text-editor\" data-id=\"2e93786\" data-element_type=\"widget\" data-e-type=\"widget\" data-widget_type=\"text-editor.default\">\n\t\t\t\t<div class=\"elementor-widget-container\">\n\t\t\t\t\t\t\t\t\t<p>Se voc\u00ea procura uma forma diferenciada e acess\u00edvel de cuidar da sua sa\u00fade e garantir assist\u00eancia de qualidade para seus entes queridos, oferecemos nosso atendimento a domic\u00edlio &#8211; o <strong>Home Care<\/strong>.<\/p><p>A <strong>Associa\u00e7\u00e3o Vanilda Faviero<\/strong> \u00e9 uma entidade comprometida com o bem-estar e a seguran\u00e7a dos seus associados, sempre buscando alternativas para assegurar as melhores op\u00e7\u00f5es de sa\u00fade e qualidade de vida.<\/p><p><strong>Testes<\/strong><\/p><p>Os testes duram em m\u00e9dia trinta minutos, podendo ser realizados tanto em nossa sede quanto onde o associado estiver. Alguns dos testes s\u00e3o: HIV, S\u00edfilis, Hepatite B, Hepatite C, Ant\u00edgeno Nasal COVID-19.<\/p><p><strong>Procedimentos<\/strong><\/p><p>S\u00e3o diversos os procedimentos que podem ser realizados junto ao idoso, dos quais destacamos: curativos simples, curativos complexos, aplica\u00e7\u00e3o de injet\u00e1veis, aspira\u00e7\u00e3o traqueal, sondagem vesical, aferi\u00e7\u00e3o de sinais, acompanhante para exames externos, avalia\u00e7\u00e3o de enfermagem, banhos de aspers\u00e3o e leito, al\u00e9m de fisioterapia e fonoaudiologia.<\/p><p><strong>Servi\u00e7os abrangentes a pre\u00e7os acess\u00edveis<\/strong><\/p><p><span style=\"font-weight: 400;\">Entendemos as preocupa\u00e7\u00f5es financeiras que muitas fam\u00edlias enfrentam ao buscar os melhores cuidados para seus entes queridos. Por isso, oferecemos servi\u00e7os de Home Care a pre\u00e7os acess\u00edveis, garantindo que a qualidade do cuidado n\u00e3o seja comprometida. Valorizamos a transpar\u00eancia em nossa abordagem financeira, assegurando que nossos clientes compreendam totalmente os custos associados aos servi\u00e7os prestados.<\/span><\/p><p><strong>Associe-se para benef\u00edcios adicionais<\/strong><\/p><p><span style=\"font-weight: 400;\">Para tornar ainda mais acess\u00edveis os cuidados que proporcionamos, oferecemos uma associa\u00e7\u00e3o exclusiva. Ao fazer parte da nossa Associa\u00e7\u00e3o, os usu\u00e1rios n\u00e3o s\u00f3 t\u00eam acesso diferenciado aos servi\u00e7os de Home Care, mas tamb\u00e9m a exames cl\u00ednicos, de imagens e de genoma. Queremos que nossos membros desfrutem de uma gama completa de cuidados de sa\u00fade, garantindo uma abordagem hol\u00edstica para o bem-estar.<\/span><\/p>\t\t\t\t\t\t\t\t<\/div>\n\t\t\t\t<\/div>\n\t\t\t\t<div class=\"elementor-element elementor-element-9defd08 elementor-align-center elementor-widget elementor-widget-button\" data-id=\"9defd08\" data-element_type=\"widget\" data-e-type=\"widget\" data-widget_type=\"button.default\">\n\t\t\t\t<div class=\"elementor-widget-container\">\n\t\t\t\t\t\t\t\t\t<div class=\"elementor-button-wrapper\">\n\t\t\t\t\t<a class=\"elementor-button elementor-button-link elementor-size-sm\" href=\"https:\/\/wa.me\/5551983304763\">\n\t\t\t\t\t\t<span class=\"elementor-button-content-wrapper\">\n\t\t\t\t\t\t\t\t\t<span class=\"elementor-button-text\">Agende seu atendimento agora...<\/span>\n\t\t\t\t\t<\/span>\n\t\t\t\t\t<\/a>\n\t\t\t\t<\/div>\n\t\t\t\t\t\t\t\t<\/div>\n\t\t\t\t<\/div>\n\t\t\t\t\t<\/div>\n\t\t<\/div>\n\t\t\t\t\t<\/div>\n\t\t<\/section>\n\t\t\t\t<\/div>\n\t\t","protected":false},"excerpt":{"rendered":"<p>Home Care &#8211; Atendendo a Domic\u00edlio Se voc\u00ea procura uma forma diferenciada e acess\u00edvel de cuidar da sua sa\u00fade e [&hellip;]<\/p>\n","protected":false},"author":1,"featured_media":0,"parent":0,"menu_order":0,"comment_status":"closed","ping_status":"closed","template":"","meta":{"footnotes":""},"class_list":["post-5502","page","type-page","status-publish","hentry","rishi-post","no-post-thumbnail"],"rishi__cb_customizer_meta":{"page_title_panel":"","page_title_hero_section":"default","breadcrumbs_single_page":"no","single_page_alignment":"left","single_page_margin":{"desktop":50,"tablet":30,"mobile":30},"page_structure_type":"default-sidebar","da544f1f8d8f0c0f3354f854f7c77f47":"","content_style_source":"inherit","content_style":"box-layout","blog_page_streched_ed":"no","vertical_spacing_source":"inherit","content_area_spacing":"both","single_page_content_background":{"background_type":"color","background_pattern":"type-1","background_image":{"attachment_id":null,"x":0,"y":0},"gradient":"linear-gradient(135deg,rgba(6,147,227,1) 0%,rgb(155,81,224) 100%)","background_repeat":"no-repeat","background_size":"auto","background_attachment":"scroll","patternColor":{"default":{"color":"#e5e7ea"}},"overlayColor":{"default":{"color":"CT_CSS_SKIP_RULE"}},"backgroundColor":{"default":{"color":"var(--paletteColor5)"}}},"single_page_content_boxed_shadow":{"inherit":false,"blur":18,"spread":-6,"v_offset":12,"h_offset":0,"inset":false,"enable":false,"color":{"color":"rgba(34, 56, 101, 0.04)"}},"single_page_boxed_content_spacing":{"desktop":{"top":"40px","bottom":"40px","left":"40px","right":"40px","linked":true},"tablet":{"top":"15px","bottom":"15px","left":"15px","right":"15px","linked":true},"mobile":{"top":"15px","bottom":"15px","left":"15px","right":"15px","linked":true}},"single_page_content_boxed_radius":{"top":"3px","bottom":"3px","left":"3px","right":"3px","linked":true},"8f9910c3cfdc091fc8edc0632a0197ed":"","disable_featured_image":"no","disable_comments":"yes","disable_header":"no","disable_footer":"no"},"_links":{"self":[{"href":"https:\/\/aliadosdobem.com.br\/blog\/wp-json\/wp\/v2\/pages\/5502","targetHints":{"allow":["GET"]}}],"collection":[{"href":"https:\/\/aliadosdobem.com.br\/blog\/wp-json\/wp\/v2\/pages"}],"about":[{"href":"https:\/\/aliadosdobem.com.br\/blog\/wp-json\/wp\/v2\/types\/page"}],"author":[{"embeddable":true,"href":"https:\/\/aliadosdobem.com.br\/blog\/wp-json\/wp\/v2\/users\/1"}],"replies":[{"embeddable":true,"href":"https:\/\/aliadosdobem.com.br\/blog\/wp-json\/wp\/v2\/comments?post=5502"}],"version-history":[{"count":0,"href":"https:\/\/aliadosdobem.com.br\/blog\/wp-json\/wp\/v2\/pages\/5502\/revisions"}],"wp:attachment":[{"href":"https:\/\/aliadosdobem.com.br\/blog\/wp-json\/wp\/v2\/media?parent=5502"}],"curies":[{"name":"wp","href":"https:\/\/api.w.org\/{rel}","templated":true}]}}