{"id":4664,"date":"2022-02-15T07:41:55","date_gmt":"2022-02-15T07:41:55","guid":{"rendered":"https:\/\/aliadosdobem.com.br\/blog\/teams\/"},"modified":"2023-12-11T16:11:10","modified_gmt":"2023-12-11T19:11:10","slug":"associar","status":"publish","type":"page","link":"https:\/\/aliadosdobem.com.br\/blog\/associar\/","title":{"rendered":"Associe-se"},"content":{"rendered":"\t\t<div data-elementor-type=\"wp-page\" data-elementor-id=\"4664\" class=\"elementor elementor-4664\">\n\t\t\t\t\t\t<section class=\"elementor-section elementor-top-section elementor-element elementor-element-19e14ba elementor-section-boxed elementor-section-height-default elementor-section-height-default\" data-id=\"19e14ba\" data-element_type=\"section\" data-e-type=\"section\" data-settings=\"{&quot;background_background&quot;:&quot;classic&quot;}\">\n\t\t\t\t\t\t<div class=\"elementor-container elementor-column-gap-default\">\n\t\t\t\t\t<div class=\"elementor-column elementor-col-100 elementor-top-column elementor-element elementor-element-75e4d79\" data-id=\"75e4d79\" data-element_type=\"column\" data-e-type=\"column\">\n\t\t\t<div class=\"elementor-widget-wrap elementor-element-populated\">\n\t\t\t\t\t\t<div class=\"elementor-element elementor-element-5d84dc6 elementor-widget elementor-widget-heading\" data-id=\"5d84dc6\" data-element_type=\"widget\" data-e-type=\"widget\" data-widget_type=\"heading.default\">\n\t\t\t\t<div class=\"elementor-widget-container\">\n\t\t\t\t\t<h2 class=\"elementor-heading-title elementor-size-default\">Cuidando da sua sa\u00fade e do seu bem-estar<\/h2>\t\t\t\t<\/div>\n\t\t\t\t<\/div>\n\t\t\t\t<div class=\"elementor-element elementor-element-a56bd11 elementor-widget elementor-widget-text-editor\" data-id=\"a56bd11\" data-element_type=\"widget\" data-e-type=\"widget\" data-widget_type=\"text-editor.default\">\n\t\t\t\t<div class=\"elementor-widget-container\">\n\t\t\t\t\t\t\t\t\t<p>Se voc\u00ea procura uma forma diferenciada e acess\u00edvel de cuidar da sua sa\u00fade e garantir assist\u00eancia de qualidade para seus entes queridos, apresentamos a <strong>Associa\u00e7\u00e3o Vanilda Faviero<\/strong>, uma entidade comprometida com o bem-estar e a seguran\u00e7a dos seus associados.<\/p><p><strong>Cuidado Integral com a Sa\u00fade<\/strong><\/p><p>Situada na Grande Porto Alegre, especificamente em Canoas, RS, a <strong>Associa\u00e7\u00e3o Vanilda Faviero<\/strong> oferece muito mais do que simples servi\u00e7os de assist\u00eancia \u00e0 sa\u00fade. Somos uma fam\u00edlia que se preocupa com a sua sa\u00fade f\u00edsica, mental e emocional.<\/p><p><strong>Atendimento a Domic\u00edlio &#8211; Home Care<\/strong><\/p><p>Al\u00e9m de prestar todo amparo ao idoso e seus familiares nos momentos de necessidade, contamos com disponibilidade para atender a domic\u00edlio ou mesmo em ambiente ambulatorial e hospitalar, quando for preciso, para realizar os procedimentos importantes para a manuten\u00e7\u00e3o da sa\u00fade dos nossos associados.<\/p><p><strong>Casa Lar: Um Lar Cheio de Amor e Cuidado<\/strong><\/p><p>Ao se tornar um associado, voc\u00ea n\u00e3o s\u00f3 contribui para o seu pr\u00f3prio bem-estar, mas tamb\u00e9m para a manuten\u00e7\u00e3o de nossa Casa Lar para idosos. Nossa casa abriga n\u00e3o apenas associados, mas tamb\u00e9m aqueles que foram abandonados ou n\u00e3o t\u00eam condi\u00e7\u00f5es de custear sua estadia. Contamos com uma equipe dedicada de profissionais de sa\u00fade especializados em cuidados 24 horas para idosos acamados, garantindo aten\u00e7\u00e3o personalizada e amorosa a cada residente.<\/p><p><strong>Acesso Facilitado \u00e0 Sa\u00fade<\/strong><\/p><p>Entendemos que a busca por atendimento m\u00e9dico pode ser desafiadora. Por isso, oferecemos suporte completo, intermediando contatos com m\u00e9dicos, hospitais e postos de sa\u00fade. Al\u00e9m disso, nossos associados contam com conv\u00eanios exclusivos com laborat\u00f3rios de exames cl\u00ednicos e de imagens, proporcionando descontos proporcionais ao plano escolhido.<\/p><p><strong>Preven\u00e7\u00e3o com Teste de Genoma<\/strong><\/p><p>Na <strong>Associa\u00e7\u00e3o Vanilda Faviero<\/strong>, a preven\u00e7\u00e3o \u00e9 uma prioridade. Oferecemos o teste de genoma com desconto para associados e suas fam\u00edlias. Esse exame avan\u00e7ado n\u00e3o apenas identifica potenciais doen\u00e7as futuras, mas tamb\u00e9m auxilia na implementa\u00e7\u00e3o de medidas preventivas, promovendo uma vida mais saud\u00e1vel.<\/p><p><strong>Apoio Jur\u00eddico Especializado<\/strong><\/p><p>Al\u00e9m dos benef\u00edcios de sa\u00fade, nossos associados t\u00eam acesso a servi\u00e7os jur\u00eddicos nas \u00e1reas de sa\u00fade, direito previdenci\u00e1rio e seguran\u00e7a p\u00fablica. Conte com apoio especializado e descontos exclusivos para garantir seus direitos.<\/p><p><strong>Fa\u00e7a Parte da Nossa Fam\u00edlia!<\/strong><\/p><p>Ao se tornar um associado, voc\u00ea n\u00e3o s\u00f3 investe na sua sa\u00fade, mas tamb\u00e9m faz parte de uma comunidade comprometida com o cuidado m\u00fatuo. Contribua para a manuten\u00e7\u00e3o da nossa Casa Lar e desfrute de benef\u00edcios exclusivos que far\u00e3o a diferen\u00e7a em sua jornada de bem-estar.<\/p><p>N\u00e3o espere mais para garantir o melhor para voc\u00ea e sua fam\u00edlia. Junte-se a n\u00f3s na busca por uma vida mais saud\u00e1vel e feliz. Associe-se hoje mesmo!<\/p>\t\t\t\t\t\t\t\t<\/div>\n\t\t\t\t<\/div>\n\t\t\t\t<div class=\"elementor-element elementor-element-f02aefb elementor-align-center elementor-widget elementor-widget-button\" data-id=\"f02aefb\" data-element_type=\"widget\" data-e-type=\"widget\" data-widget_type=\"button.default\">\n\t\t\t\t<div class=\"elementor-widget-container\">\n\t\t\t\t\t\t\t\t\t<div class=\"elementor-button-wrapper\">\n\t\t\t\t\t<a class=\"elementor-button elementor-button-link elementor-size-sm\" href=\"https:\/\/aliadosdobem.com.br\/blog\/quero-me-associar\/\">\n\t\t\t\t\t\t<span class=\"elementor-button-content-wrapper\">\n\t\t\t\t\t\t\t\t\t<span class=\"elementor-button-text\">Preencher proposta de associado<\/span>\n\t\t\t\t\t<\/span>\n\t\t\t\t\t<\/a>\n\t\t\t\t<\/div>\n\t\t\t\t\t\t\t\t<\/div>\n\t\t\t\t<\/div>\n\t\t\t\t\t<\/div>\n\t\t<\/div>\n\t\t\t\t\t<\/div>\n\t\t<\/section>\n\t\t\t\t<\/div>\n\t\t","protected":false},"excerpt":{"rendered":"<p>Cuidando da sua sa\u00fade e do seu bem-estar Se voc\u00ea procura uma forma diferenciada e acess\u00edvel de cuidar da sua [&hellip;]<\/p>\n","protected":false},"author":1,"featured_media":0,"parent":0,"menu_order":0,"comment_status":"closed","ping_status":"closed","template":"elementor_header_footer","meta":{"footnotes":""},"class_list":["post-4664","page","type-page","status-publish","hentry","rishi-post","no-post-thumbnail"],"rishi__cb_customizer_meta":{"page_title_panel":"","page_title_hero_section":"default","breadcrumbs_single_page":"no","single_page_alignment":"left","single_page_margin":{"desktop":50,"tablet":30,"mobile":30},"a2285e8d900a50403586a05fa3399681":"","page_structure_type":"default","3b933a9b4cc8115e1bf52a418eb234f6":"","content_style_source":"inherit","content_style":"box-layout","blog_page_streched_ed":"no","vertical_spacing_source":"custom","content_area_spacing":"none","single_page_content_background":{"background_type":"color","background_pattern":"type-1","background_image":{"attachment_id":null,"x":0,"y":0},"gradient":"linear-gradient(135deg,rgba(6,147,227,1) 0%,rgb(155,81,224) 100%)","background_repeat":"no-repeat","background_size":"auto","background_attachment":"scroll","patternColor":{"default":{"color":"#e5e7ea"}},"overlayColor":{"default":{"color":"CT_CSS_SKIP_RULE"}},"backgroundColor":{"default":{"color":"var(--paletteColor5)"}}},"single_page_content_boxed_shadow":{"inherit":false,"blur":18,"spread":-6,"v_offset":12,"h_offset":0,"inset":false,"enable":false,"color":{"color":"rgba(34, 56, 101, 0.04)"}},"single_page_boxed_content_spacing":{"desktop":{"top":"40px","bottom":"40px","left":"40px","right":"40px","linked":true},"tablet":{"top":"15px","bottom":"15px","left":"15px","right":"15px","linked":true},"mobile":{"top":"15px","bottom":"15px","left":"15px","right":"15px","linked":true},"top":"40px","bottom":"40px","left":"40px","right":"40px","linked":true},"single_page_content_boxed_radius":{"top":"3px","bottom":"3px","left":"3px","right":"3px","linked":true},"492d19bdd4c1f4aa9f0e67e5717606ed":"","disable_featured_image":"no","disable_comments":"yes","disable_header":"no","disable_footer":"no","65399f027f496ef11e50d3abf2317769":"","5993287e01ee43980bd6746d9cc38302":""},"_links":{"self":[{"href":"https:\/\/aliadosdobem.com.br\/blog\/wp-json\/wp\/v2\/pages\/4664","targetHints":{"allow":["GET"]}}],"collection":[{"href":"https:\/\/aliadosdobem.com.br\/blog\/wp-json\/wp\/v2\/pages"}],"about":[{"href":"https:\/\/aliadosdobem.com.br\/blog\/wp-json\/wp\/v2\/types\/page"}],"author":[{"embeddable":true,"href":"https:\/\/aliadosdobem.com.br\/blog\/wp-json\/wp\/v2\/users\/1"}],"replies":[{"embeddable":true,"href":"https:\/\/aliadosdobem.com.br\/blog\/wp-json\/wp\/v2\/comments?post=4664"}],"version-history":[{"count":0,"href":"https:\/\/aliadosdobem.com.br\/blog\/wp-json\/wp\/v2\/pages\/4664\/revisions"}],"wp:attachment":[{"href":"https:\/\/aliadosdobem.com.br\/blog\/wp-json\/wp\/v2\/media?parent=4664"}],"curies":[{"name":"wp","href":"https:\/\/api.w.org\/{rel}","templated":true}]}}